[INFO] fetching crate leo-state 1.0.3...
[INFO] checking leo-state-1.0.3 against master#af3c6e733a40e671550e0f0f5aeecaa13772ba56 for pr-74989
[INFO] extracting crate leo-state 1.0.3 into /workspace/builds/worker-9/source
[INFO] validating manifest of crates.io crate leo-state 1.0.3 on toolchain af3c6e733a40e671550e0f0f5aeecaa13772ba56
[INFO] running `Command { std: "/workspace/cargo-home/bin/cargo" "+af3c6e733a40e671550e0f0f5aeecaa13772ba56" "read-manifest" "--manifest-path" "Cargo.toml", kill_on_drop: false }`
[INFO] started tweaking crates.io crate leo-state 1.0.3
[INFO] finished tweaking crates.io crate leo-state 1.0.3
[INFO] tweaked toml for crates.io crate leo-state 1.0.3 written to /workspace/builds/worker-9/source/Cargo.toml
[INFO] running `Command { std: "/workspace/cargo-home/bin/cargo" "+af3c6e733a40e671550e0f0f5aeecaa13772ba56" "generate-lockfile" "--manifest-path" "Cargo.toml" "-Zno-index-update", kill_on_drop: false }`
[INFO] running `Command { std: "/workspace/cargo-home/bin/cargo" "+af3c6e733a40e671550e0f0f5aeecaa13772ba56" "fetch" "--locked" "--manifest-path" "Cargo.toml", kill_on_drop: false }`
[INFO] running `Command { std: "docker" "create" "-v" "/var/lib/crater-agent-workspace/builds/worker-9/target:/opt/rustwide/target:rw,Z" "-v" "/var/lib/crater-agent-workspace/builds/worker-9/source:/opt/rustwide/workdir:ro,Z" "-v" "/var/lib/crater-agent-workspace/cargo-home:/opt/rustwide/cargo-home:ro,Z" "-v" "/var/lib/crater-agent-workspace/rustup-home:/opt/rustwide/rustup-home:ro,Z" "-e" "SOURCE_DIR=/opt/rustwide/workdir" "-e" "CARGO_TARGET_DIR=/opt/rustwide/target" "-e" "CARGO_HOME=/opt/rustwide/cargo-home" "-e" "RUSTUP_HOME=/opt/rustwide/rustup-home" "-w" "/opt/rustwide/workdir" "-m" "1610612736" "--user" "0:0" "--network" "none" "rustops/crates-build-env@sha256:d92eaeed33fa75130ca1ee6c8a01d1ffb62bac859dfdfb3450e3e5d1c0146529" "/opt/rustwide/cargo-home/bin/cargo" "+af3c6e733a40e671550e0f0f5aeecaa13772ba56" "metadata" "--no-deps" "--format-version=1", kill_on_drop: false }`
[INFO] [stdout] 69c4c41baff71068766c0a66e3dd14b3f5a3dfa2173a1d41b8c346c2e53ace2f
[INFO] [stderr] WARNING: Your kernel does not support swap limit capabilities or the cgroup is not mounted. Memory limited without swap.
[INFO] running `Command { std: "docker" "start" "-a" "69c4c41baff71068766c0a66e3dd14b3f5a3dfa2173a1d41b8c346c2e53ace2f", kill_on_drop: false }`
[INFO] running `Command { std: "docker" "inspect" "69c4c41baff71068766c0a66e3dd14b3f5a3dfa2173a1d41b8c346c2e53ace2f", kill_on_drop: false }`
[INFO] running `Command { std: "docker" "rm" "-f" "69c4c41baff71068766c0a66e3dd14b3f5a3dfa2173a1d41b8c346c2e53ace2f", kill_on_drop: false }`
[INFO] [stdout] 69c4c41baff71068766c0a66e3dd14b3f5a3dfa2173a1d41b8c346c2e53ace2f
[INFO] running `Command { std: "docker" "create" "-v" "/var/lib/crater-agent-workspace/builds/worker-9/target:/opt/rustwide/target:rw,Z" "-v" "/var/lib/crater-agent-workspace/builds/worker-9/source:/opt/rustwide/workdir:ro,Z" "-v" "/var/lib/crater-agent-workspace/cargo-home:/opt/rustwide/cargo-home:ro,Z" "-v" "/var/lib/crater-agent-workspace/rustup-home:/opt/rustwide/rustup-home:ro,Z" "-e" "SOURCE_DIR=/opt/rustwide/workdir" "-e" "CARGO_TARGET_DIR=/opt/rustwide/target" "-e" "CARGO_INCREMENTAL=0" "-e" "RUST_BACKTRACE=full" "-e" "RUSTFLAGS=--cap-lints=forbid" "-e" "CARGO_HOME=/opt/rustwide/cargo-home" "-e" "RUSTUP_HOME=/opt/rustwide/rustup-home" "-w" "/opt/rustwide/workdir" "-m" "1610612736" "--user" "0:0" "--network" "none" "rustops/crates-build-env@sha256:d92eaeed33fa75130ca1ee6c8a01d1ffb62bac859dfdfb3450e3e5d1c0146529" "/opt/rustwide/cargo-home/bin/cargo" "+af3c6e733a40e671550e0f0f5aeecaa13772ba56" "check" "--frozen" "--all" "--all-targets" "--message-format=json", kill_on_drop: false }`
[INFO] [stdout] be269a50e53ef73daedd60b0e1e6d98c52424ce247b14c1c8664e359c6fe4e88
[INFO] [stderr] WARNING: Your kernel does not support swap limit capabilities or the cgroup is not mounted. Memory limited without swap.
[INFO] running `Command { std: "docker" "start" "-a" "be269a50e53ef73daedd60b0e1e6d98c52424ce247b14c1c8664e359c6fe4e88", kill_on_drop: false }`
[INFO] [stderr]    Compiling proc-macro2 v1.0.21
[INFO] [stderr]     Checking cfg-if v0.1.10
[INFO] [stderr]    Compiling pkg-config v0.3.18
[INFO] [stderr]    Compiling serde_derive v1.0.116
[INFO] [stderr]    Compiling serde v1.0.116
[INFO] [stderr]    Compiling getrandom v0.1.15
[INFO] [stderr]    Compiling ryu v1.0.5
[INFO] [stderr]     Checking lazy_static v1.4.0
[INFO] [stderr]    Compiling serde_json v1.0.57
[INFO] [stderr]    Compiling curl v0.4.33
[INFO] [stderr]     Checking openssl-probe v0.1.2
[INFO] [stderr]     Checking ppv-lite86 v0.2.9
[INFO] [stderr]     Checking base58 v0.1.0
[INFO] [stderr]     Checking hex v0.4.2
[INFO] [stderr]     Checking bech32 v0.6.0
[INFO] [stderr]     Checking smallvec v1.4.2
[INFO] [stderr]     Checking opaque-debug v0.3.0
[INFO] [stderr]     Checking cpuid-bool v0.1.2
[INFO] [stderr]    Compiling failure_derive v0.1.8
[INFO] [stderr]     Checking snarkos-profiler v1.1.4
[INFO] [stderr]    Compiling proc-macro2 v0.4.30
[INFO] [stderr]    Compiling ucd-trie v0.1.3
[INFO] [stderr]    Compiling unicode-xid v0.1.0
[INFO] [stderr]    Compiling maplit v1.0.2
[INFO] [stderr]    Compiling syn v0.15.44
[INFO] [stderr]     Checking void v1.0.2
[INFO] [stderr]     Checking once_cell v1.4.1
[INFO] [stderr]     Checking instant v0.1.6
[INFO] [stderr]    Compiling crossbeam-utils v0.7.2
[INFO] [stderr]    Compiling memoffset v0.5.5
[INFO] [stderr]    Compiling crossbeam-epoch v0.8.2
[INFO] [stderr]    Compiling rayon v1.4.0
[INFO] [stderr]    Compiling num-traits v0.2.12
[INFO] [stderr]    Compiling num-integer v0.1.43
[INFO] [stderr]    Compiling generic-array v0.14.4
[INFO] [stderr]    Compiling typenum v1.12.0
[INFO] [stderr]     Checking lock_api v0.4.1
[INFO] [stderr]     Checking tracing-core v0.1.16
[INFO] [stderr]    Compiling itertools v0.7.11
[INFO] [stderr]    Compiling pest v2.1.3
[INFO] [stderr]     Checking libc v0.2.77
[INFO] [stderr]     Checking log v0.4.11
[INFO] [stderr]    Compiling jobserver v0.1.21
[INFO] [stderr]    Compiling backtrace v0.3.50
[INFO] [stderr]    Compiling cc v1.0.59
[INFO] [stderr]     Checking crossbeam-channel v0.4.4
[INFO] [stderr]     Checking crossbeam-deque v0.7.3
[INFO] [stderr]     Checking socket2 v0.3.15
[INFO] [stderr]     Checking num_cpus v1.13.0
[INFO] [stderr]     Checking time v0.1.44
[INFO] [stderr]     Checking parking_lot_core v0.8.0
[INFO] [stderr]    Compiling quote v1.0.7
[INFO] [stderr]    Compiling quote v0.6.13
[INFO] [stderr]     Checking rand_core v0.5.1
[INFO] [stderr]     Checking generic-array v0.12.3
[INFO] [stderr]     Checking rayon-core v1.8.0
[INFO] [stderr]     Checking parking_lot v0.11.0
[INFO] [stderr]     Checking from-pest v0.3.1
[INFO] [stderr]     Checking rand_chacha v0.2.2
[INFO] [stderr]     Checking rand_xorshift v0.2.0
[INFO] [stderr]    Compiling pest_meta v2.1.3
[INFO] [stderr]    Compiling syn v1.0.40
[INFO] [stderr]    Compiling libloading v0.5.2
[INFO] [stderr]    Compiling openssl-sys v0.9.58
[INFO] [stderr]    Compiling libz-sys v1.1.2
[INFO] [stderr]    Compiling curl-sys v0.4.36+curl-7.71.1
[INFO] [stderr]     Checking digest v0.8.1
[INFO] [stderr]     Checking crypto-mac v0.7.0
[INFO] [stderr]     Checking rand v0.7.3
[INFO] [stderr]     Checking blake2 v0.8.1
[INFO] [stderr]     Checking digest v0.9.0
[INFO] [stderr]     Checking block-buffer v0.9.0
[INFO] [stderr]     Checking sha2 v0.9.1
[INFO] [stderr]    Compiling clang-sys v0.29.3
[INFO] [stderr]    Compiling bindgen v0.54.0
[INFO] [stderr]    Compiling synstructure v0.12.4
[INFO] [stderr]    Compiling pest_generator v2.1.3
[INFO] [stderr]    Compiling thiserror-impl v1.0.20
[INFO] [stderr]    Compiling snarkos-derives v1.1.4
[INFO] [stderr]    Compiling derivative v2.1.1
[INFO] [stderr]    Compiling tracing-attributes v0.1.11
[INFO] [stderr]    Compiling pest_derive v2.1.0
[INFO] [stderr]    Compiling failure v0.1.8
[INFO] [stderr]    Compiling single v1.0.0
[INFO] [stderr]    Compiling pest-ast v0.3.3
[INFO] [stderr]     Checking thiserror v1.0.20
[INFO] [stderr]     Checking tracing v0.1.19
[INFO] [stderr]    Compiling librocksdb-sys v6.11.4
[INFO] [stderr] error: could not compile `serde`.
[INFO] [stderr] 
[INFO] [stderr] Caused by:
[INFO] [stderr]   process didn't exit successfully: `rustc --crate-name serde /opt/rustwide/cargo-home/registry/src/github.com-1ecc6299db9ec823/serde-1.0.116/src/lib.rs --error-format=json --json=diagnostic-rendered-ansi --crate-type lib --emit=dep-info,metadata -C embed-bitcode=no -C debuginfo=2 --cfg 'feature="default"' --cfg 'feature="derive"' --cfg 'feature="serde_derive"' --cfg 'feature="std"' -C metadata=d0c415d610b7a610 -C extra-filename=-d0c415d610b7a610 --out-dir /opt/rustwide/target/debug/deps -L dependency=/opt/rustwide/target/debug/deps --extern serde_derive=/opt/rustwide/target/debug/deps/libserde_derive-0b982bf1f9ca2fd6.so --cap-lints allow --cap-lints=forbid --cfg ops_bound --cfg core_reverse --cfg de_boxed_c_str --cfg de_boxed_path --cfg de_rc_dst --cfg core_duration --cfg integer128 --cfg range_inclusive --cfg num_nonzero --cfg core_try_from --cfg num_nonzero_signed --cfg std_atomic64 --cfg std_atomic` (signal: 9, SIGKILL: kill)
[INFO] [stderr] warning: build failed, waiting for other jobs to finish...
[INFO] [stderr] The following warnings were emitted during compilation:
[INFO] [stderr] 
[INFO] [stderr] warning: c++: fatal error: Killed signal terminated program cc1plus
[INFO] [stderr] warning: compilation terminated.
[INFO] [stderr] warning: c++: fatal error: Killed signal terminated program cc1plus
[INFO] [stderr] warning: compilation terminated.
[INFO] [stderr] warning: c++: fatal error: Killed signal terminated program cc1plus
[INFO] [stderr] warning: compilation terminated.
[INFO] [stderr] warning: c++: fatal error: Killed signal terminated program cc1plus
[INFO] [stderr] warning: compilation terminated.
[INFO] [stderr] warning: c++: fatal error: Killed signal terminated program cc1plus
[INFO] [stderr] warning: compilation terminated.
[INFO] [stderr] warning: c++: fatal error: Killed signal terminated program cc1plus
[INFO] [stderr] warning: compilation terminated.
[INFO] [stderr] warning: c++: fatal error: Killed signal terminated program cc1plus
[INFO] [stderr] warning: compilation terminated.
[INFO] [stderr] warning: c++: fatal error: Killed signal terminated program cc1plus
[INFO] [stderr] warning: compilation terminated.
[INFO] [stderr] warning: c++: fatal error: Killed signal terminated program cc1plus
[INFO] [stderr] warning: compilation terminated.
[INFO] [stderr] warning: c++: fatal error: Killed signal terminated program cc1plus
[INFO] [stderr] warning: compilation terminated.
[INFO] [stderr] warning: c++: fatal error: Killed signal terminated program cc1plus
[INFO] [stderr] warning: compilation terminated.
[INFO] [stderr] 
[INFO] [stderr] error: build failed
[INFO] running `Command { std: "docker" "inspect" "be269a50e53ef73daedd60b0e1e6d98c52424ce247b14c1c8664e359c6fe4e88", kill_on_drop: false }`
[INFO] running `Command { std: "docker" "rm" "-f" "be269a50e53ef73daedd60b0e1e6d98c52424ce247b14c1c8664e359c6fe4e88", kill_on_drop: false }`
[INFO] [stdout] be269a50e53ef73daedd60b0e1e6d98c52424ce247b14c1c8664e359c6fe4e88
